202
What is -31d (base 15) in base 6?
-3131
What is 215 (base 9) in base 15?
bb
1248 (base 10) to base 15
583
What is -24a (base 14) in base 10?
-458
Convert 21156 (base 8) to base 15.
2929
What is -21060 (base 8) in base 10?
-8752
Convert 1000001101 (base 2) to base 14.
297
What is 4314 (base 7) in base 14?
7b4
102210 (base 3) to base 7
633
What is -288 (base 16) in base 13?
-3ab
9c08 (base 16) to base 13
15248
-58c (base 14) to base 8
-2120
11222201 (base 3) to base 7
13414
-1030 (base 12) to base 2
-11011100100
Convert -40 (base 5) to base 4.
-110
Convert -a5 (base 13) to base 2.
-10000111
Convert a42 (base 12) to base 8.
2722
1011000011111 (base 2) to base 14
20c7
Convert 36512 (base 7) to base 10.
9515
Convert 122221 (base 3) to base 13.
2b3
Convert -11121031 (base 4) to base 2.
-101011001001101
-2ee5 (base 15) to base 7
-41330
Convert -124041 (base 5) to base 7.
-20163
Convert -1031220 (base 4) to base 7.
-20325
Convert -1230240 (base 5) to base 10.
-23820
Convert -100121220 (base 3) to base 9.
-10556
Convert -332134 (base 5) to base 6.
-125240
Convert -221534 (base 6) to base 15.
-5777
What is 116 (base 15) in base 13?
15c
What is 2511 (base 8) in base 11?
1020
Convert 247 (base 8) to base 2.
10100111
Convert 3055 (base 6) to base 2.
1010101011
What is 10113312 (base 4) in base 10?
17910
-1116 (base 15) to base 5
-103441
31543 (base 8) to base 5
410110
Convert -393b (base 13) to base 14.
-2d90
2637 (base 8) to base 9
1868
What is -181b (base 13) in base 2?
-110111110101
What is -1537 (base 10) in base 4?
-120001
65 (base 13) to base 6
215
Convert -1120234 (base 5) to base 9.
-30468
What is 11121001 (base 3) in base 4?
310111
-3676 (base 12) to base 7
-23616
What is a1 (base 16) in base 2?
10100001
Convert 77217 (base 10) to base 8.
226641
10522 (base 6) to base 16
5d2
What is 62624 (base 7) in base 3?
210010112
Convert -4566 (base 8) to base 10.
-2422
Convert -325 (base 16) to base 4.
-30211
Convert -4766 (base 14) to base 10.
-12438
Convert -3b5 (base 14) to base 7.
-2115
110101001011101 (base 2) to base 7
142246
-22202110 (base 3) to base 7
-24420
What is 143342 (base 5) in base 13?
2a10
Convert -1012 (base 13) to base 16.
-8a4
What is 121003 (base 5) in base 7?
16062
What is -255 (base 11) in base 9?
-365
Convert -13a2 (base 14) to base 2.
-110110010010
168c3 (base 13) to base 16
a8f6
-56016 (base 7) to base 16
-36fc
Convert -318 (base 10) to base 8.
-476
What is -102012010 (base 3) in base 12?
-4879
What is -1000001110101101 (base 2) in base 12?
-17611
Convert -1067b (base 16) to base 10.
-67195
Convert 335120 (base 7) to base 10.
59402
51041 (base 6) to base 10
6721
What is 11332 (base 4) in base 5?
3012
9906 (base 10) to base 14
3878
Convert 15503 (base 6) to base 4.
213333
-585 (base 16) to base 2
-10110000101
What is 55 (base 14) in base 15?
50
Convert -1991 (base 12) to base 5.
-100013
Convert 24021 (base 5) to base 15.
7c6
Convert -112 (base 3) to base 5.
-24
What is 10001212 (base 3) in base 6?
14205
What is 101001010001 (base 2) in base 13?
1282
-111111001 (base 2) to base 4
-13321
Convert 2a99 (base 14) to base 4.
1312133
562 (base 7) to base 2
100100001
Convert 7e (base 15) to base 12.
9b
-1595 (base 10) to base 2
-11000111011
Convert 1098 (base 10) to base 8.
2112
What is -20221222 (base 3) in base 2?
-1001111010011
295 (base 14) to base 6
2231
-17 (base 12) to base 16
-13
3526 (base 8) to base 7
5322
Convert 1100 (base 3) to base 7.
51
What is 671 (base 9) in base 10?
550
What is -1654 (base 8) in base 7?
-2512
What is -11110010000 (base 2) in base 9?
-2581
25766 (base 9) to base 5
1024034
-110000110111101 (base 2) to base 3
-1021022201
What is 21000 (base 3) in base 15?
c9
Convert 3334 (base 5) to base 9.
571
Convert -22142 (base 7) to base 11.
-4201
What is -10011222 (base 3) in base 12?
-1415
What is -31312 (base 6) in base 14?
-1776
What is -32c9 (base 16) in base 15?
-3cbb
45142 (base 6) to base 3
22200022
-146e (base 15) to base 16
-111b
-410 (base 12) to base 10
-588
What is -139 (base 10) in base 8?
-213
Convert 6630 (base 9) to base 6.
34343
Convert -3bc (base 14) to base 8.
-1362
What is -16054 (base 8) in base 5?
-212322
-123001 (base 4) to base 9
-2331
What is 101000001100 (base 2) in base 3?
10112021
What is -4bc (base 13) in base 7?
-2265
-297 (base 13) to base 7
-1230
Convert 1242 (base 5) to base 6.
525
Convert 122110200 (base 3) to base 13.
5a48
What is -2a4a (base 12) in base 9?
-6714
-225222 (base 6) to base 4
-10231232
What is 10010 (base 6) in base 13?
792
Convert 11581 (base 9) to base 4.
1321120
Convert -120000000 (base 3) to base 16.
-2ab7
3815 (base 10) to base 16
ee7
100100011111110 (base 2) to base 3
221122002
What is 345d (base 14) in base 2?
10001110001011
221001 (base 3) to base 11
565
Convert -a20 (base 13) to base 6.
-11540
-1447 (base 10) to base 9
-1877
Convert -6499 (base 13) to base 3.
-201011221
Convert 20100 (base 3) to base 6.
443
What is 11000000111 (base 2) in base 8?
3007
2345 (base 6) to base 12
3b5
-5264 (base 7) to base 9
-2485
What is 422 (base 8) in base 6?
1134
1410 (base 5) to base 2
11100110
Convert -10101101011 (base 2) to base 9.
-1811
-11009 (base 10) to base 7
-44045
19a (base 15) to base 7
1036
Convert 97e (base 15) to base 3.
2221102
271 (base 16) to base 13
391
-21c8 (base 13) to base 7
-16532
What is 13767 (base 9) in base 13?
4363
Convert 23531 (base 6) to base 3.
11201101
Convert 15 (base 7) to base 11.
11
-316 (base 11) to base 7
-1052
-1c3 (base 16) to base 4
-13003
1152 (base 7) to base 14
229
323a (base 13) to base 5
210403
What is -6616 (base 13) in base 10?
-14215
What is -23021010 (base 4) in base 10?
-45636
124 (base 10) to base 11
103
Convert 20453 (base 8) to base 16.
212b
What is 1144235 (base 6) in base 16?
ec9f
Convert 19947 (base 13) to base 11.
34557
What is 100010001110 (base 2) in base 4?
202032
Convert -269 (base 12) to base 2.
-101110001
What is 5335 (base 14) in base 13?
66c3
What is 100101110 (base 2) in base 11?
255
Convert -10205 (base 6) to base 9.
-1785
4635 (base 8) to base 4
212131
Convert 111222211 (base 3) to base 4.
2133121
What is -2a799 (base 12) in base 7?
-336366
What is -1053 (base 7) in base 8?
-575
What is -21001 (base 3) in base 8?
-276
What is -19004 (base 10) in base 2?
-100101000111100
111111110000001 (base 2) to base 5
2021031
What is -541 (base 7) in base 13?
-181
211201 (base 3) to base 9
751
What is -1242 (base 5) in base 7?
-401
-13537 (base 9) to base 4
-2033203
Convert -3044 (base 5) to base 15.
-1b9
What is -2d7 (base 15) in base 9?
-804
Convert 1010111000001110 (base 2) to base 9.
67108
-1ce (base 16) to base 13
-297
-2001 (base 9) to base 13
-883
-21b5 (base 16) to base 14
-3205
Convert 17554 (base 10) to base 2.
100010010010010
What is -2bb4 (base 13) in base 11?
-4899
Convert 10110100000010 (base 2) to base 15.
3632
-724 (base 8) to base 7
-1236
What is 12425 (base 7) in base 10?
3302
Convert -62da (base 15) to base 14.
-7893
41d (base 15) to base 7
2464
Convert -ae50 (base 16) to base 8.
-127120
Convert -7411 (base 8) to base 14.
-158d
124 (base 12) to base 11
147
Convert 875 (base 16) to base 13.
ca7
What is 420 (base 9) in base 14?
1a6
What is 721 (base 9) in base 13?
361
Convert -3b9c (base 15) to base 14.
-4907
Convert 14461 (base 12) to base 5.
1401142
What is 11032121 (base 4) in base 12?
10475
Convert -17739 (base 10) to base 11.
-12367
-2dde (base 15) to base 3
-111120002
15145 (base 7) to base 12
251a
What is -abc (base 14) in base 15?
-96b
What is 16563 (base 8) in base 14?
2a67
-1307 (base 11) to base 7
-4650
3214 (base 6) to base 3
1000001
What is 2117 (base 9) in base 8?
3023
Convert -2211012 (base 3) to base 7.
-5666
-8856 (base 10) to base 6
-105000
9c5e (base 15) to base 6
413312
Convert 325 (base 15) to base 13.
428
What is -10110 (base 3) in base 10?
-93
-20130 (base 4) to base 16
-21c
322 (base 5) to base 8
127
Convert -942 (base 13) to base 10.
-1575
Convert -2001102 (base 3) to base 5.
-21441
What is -262 (base 15) in base 8?
-1036
11021 (base 3) to base 13
8b
Convert 10102110011 (base 3) to base 8.
203504
Convert -116 (base 15) to base 5.
-1441
Convert 1050 (base 12) to base 14.
91a
Convert 1700 (base 9) to base 8.
2420
2cf3 (base 16) to base 6
125135
What is 520b (base 12) in base 